{"id":16468,"date":"2024-07-11T13:07:41","date_gmt":"2024-07-11T11:07:41","guid":{"rendered":"https:\/\/fredheim-maskin.no\/?post_type=tribe_events&#038;p=16468"},"modified":"2024-07-11T13:09:19","modified_gmt":"2024-07-11T11:09:19","slug":"wermlands-maskinmassa-2024-augusti-16-17","status":"publish","type":"tribe_events","link":"https:\/\/fredheim-maskin.no\/sv\/event\/wermlands-maskinmassa-2024-augusti-16-17\/","title":{"rendered":"Wermlands Maskinm\u00e4ssa 2024 &#8211; Augusti 16-17"},"content":{"rendered":"<p>H\u00e4r f\u00e5r du en f\u00f6rtitt p\u00e5 de senaste innovationerna inom tunga maskiner, stenkrossar och transport\u00f6rer.<\/p>\n<p>M\u00e4ssan erbjuder en unik m\u00f6jlighet se maskiner i action med fokus p\u00e5 elektrifiering av entreprenadbranschen. N\u00e4tverka med experter och g\u00f6r denna dag minnesv\u00e4rd och inspirerande!<\/p>\n<p>FREDAG KL 10-17 &amp; L\u00d6RDAG KL 10-15<\/p>","protected":false},"excerpt":{"rendered":"<p>H\u00e4r f\u00e5r du en f\u00f6rtitt p\u00e5 de senaste innovationerna inom tunga maskiner, stenkrossar och transport\u00f6rer. M\u00e4ssan erbjuder en unik m\u00f6jlighet se maskiner i action med fokus p\u00e5 elektrifiering av entreprenadbranschen. [&hellip;]<\/p>\n","protected":false},"author":1,"featured_media":16433,"template":"","meta":{"_editorskit_title_hidden":false,"_editorskit_reading_time":0,"_editorskit_is_block_options_detached":false,"_editorskit_block_options_position":"{}","inline_featured_image":false,"editor_plus_copied_stylings":"{}","_tribe_events_status":"","_tribe_events_status_reason":"","_tribe_events_is_hybrid":"","_tribe_events_is_virtual":"","_tribe_events_virtual_video_source":"","_tribe_events_virtual_embed_video":"","_tribe_events_virtual_linked_button_text":"","_tribe_events_virtual_linked_button":"","_tribe_events_virtual_show_embed_at":"","_tribe_events_virtual_show_embed_to":[],"_tribe_events_virtual_show_on_event":"","_tribe_events_virtual_show_on_views":"","_tribe_events_virtual_url":"","footnotes":""},"tags":[],"tribe_events_cat":[144],"class_list":["post-16468","tribe_events","type-tribe_events","status-publish","has-post-thumbnail","hentry","tribe_events_cat-messe","cat_messe"],"yoast_head":"<!-- This site is optimized with the Yoast SEO plugin v27.4 - https:\/\/yoast.com\/product\/yoast-seo-wordpress\/ -->\n<title>Wermlands Maskinm\u00e4ssa 2024 - Augusti 16-17 - Fredheim Maskin<\/title>\n<meta name=\"robots\" content=\"index, follow, max-snippet:-1, max-image-preview:large, max-video-preview:-1\" \/>\n<link rel=\"canonical\" href=\"https:\/\/fredheim-maskin.no\/sv\/event\/wermlands-maskinmassa-2024-augusti-16-17\/\" \/>\n<meta property=\"og:locale\" content=\"sv_SE\" \/>\n<meta property=\"og:type\" content=\"article\" \/>\n<meta property=\"og:title\" content=\"Wermlands Maskinm\u00e4ssa 2024 - Augusti 16-17 - Fredheim Maskin\" \/>\n<meta property=\"og:description\" content=\"H\u00e4r f\u00e5r du en f\u00f6rtitt p\u00e5 de senaste innovationerna inom tunga maskiner, stenkrossar och transport\u00f6rer. M\u00e4ssan erbjuder en unik m\u00f6jlighet se maskiner i action med fokus p\u00e5 elektrifiering av entreprenadbranschen. [&hellip;]\" \/>\n<meta property=\"og:url\" content=\"https:\/\/fredheim-maskin.no\/sv\/event\/wermlands-maskinmassa-2024-augusti-16-17\/\" \/>\n<meta property=\"og:site_name\" content=\"Fredheim Maskin\" \/>\n<meta property=\"article:modified_time\" content=\"2024-07-11T11:09:19+00:00\" \/>\n<meta property=\"og:image\" content=\"https:\/\/fredheim-maskin.no\/wp-content\/uploads\/2024\/07\/logo.jpg\" \/>\n\t<meta property=\"og:image:width\" content=\"1280\" \/>\n\t<meta property=\"og:image:height\" content=\"670\" \/>\n\t<meta property=\"og:image:type\" content=\"image\/jpeg\" \/>\n<meta name=\"twitter:card\" content=\"summary_large_image\" \/>\n<meta name=\"twitter:label1\" content=\"Ber\u00e4knad l\u00e4stid\" \/>\n\t<meta name=\"twitter:data1\" content=\"1 minut\" \/>\n<script type=\"application\/ld+json\" class=\"yoast-schema-graph\">{\"@context\":\"https:\\\/\\\/schema.org\",\"@graph\":[{\"@type\":\"WebPage\",\"@id\":\"https:\\\/\\\/fredheim-maskin.no\\\/event\\\/wermlands-maskinmassa-2024-augusti-16-17\\\/\",\"url\":\"https:\\\/\\\/fredheim-maskin.no\\\/event\\\/wermlands-maskinmassa-2024-augusti-16-17\\\/\",\"name\":\"Wermlands Maskinm\u00e4ssa 2024 - Augusti 16-17 - Fredheim Maskin\",\"isPartOf\":{\"@id\":\"https:\\\/\\\/fredheim-maskin.no\\\/#website\"},\"primaryImageOfPage\":{\"@id\":\"https:\\\/\\\/fredheim-maskin.no\\\/event\\\/wermlands-maskinmassa-2024-augusti-16-17\\\/#primaryimage\"},\"image\":{\"@id\":\"https:\\\/\\\/fredheim-maskin.no\\\/event\\\/wermlands-maskinmassa-2024-augusti-16-17\\\/#primaryimage\"},\"thumbnailUrl\":\"https:\\\/\\\/fredheim-maskin.no\\\/wp-content\\\/uploads\\\/2024\\\/07\\\/logo.jpg\",\"datePublished\":\"2024-07-11T11:07:41+00:00\",\"dateModified\":\"2024-07-11T11:09:19+00:00\",\"breadcrumb\":{\"@id\":\"https:\\\/\\\/fredheim-maskin.no\\\/event\\\/wermlands-maskinmassa-2024-augusti-16-17\\\/#breadcrumb\"},\"inLanguage\":\"sv-SE\",\"potentialAction\":[{\"@type\":\"ReadAction\",\"target\":[\"https:\\\/\\\/fredheim-maskin.no\\\/event\\\/wermlands-maskinmassa-2024-augusti-16-17\\\/\"]}]},{\"@type\":\"ImageObject\",\"inLanguage\":\"sv-SE\",\"@id\":\"https:\\\/\\\/fredheim-maskin.no\\\/event\\\/wermlands-maskinmassa-2024-augusti-16-17\\\/#primaryimage\",\"url\":\"https:\\\/\\\/fredheim-maskin.no\\\/wp-content\\\/uploads\\\/2024\\\/07\\\/logo.jpg\",\"contentUrl\":\"https:\\\/\\\/fredheim-maskin.no\\\/wp-content\\\/uploads\\\/2024\\\/07\\\/logo.jpg\",\"width\":1280,\"height\":670,\"caption\":\"Wermlands Maskinm\u00e4ssa\"},{\"@type\":\"BreadcrumbList\",\"@id\":\"https:\\\/\\\/fredheim-maskin.no\\\/event\\\/wermlands-maskinmassa-2024-augusti-16-17\\\/#breadcrumb\",\"itemListElement\":[{\"@type\":\"ListItem\",\"position\":1,\"name\":\"Hjem\",\"item\":\"https:\\\/\\\/fredheim-maskin.no\\\/\"},{\"@type\":\"ListItem\",\"position\":2,\"name\":\"Arrangementer\",\"item\":\"https:\\\/\\\/fredheim-maskin.no\\\/events\\\/\"},{\"@type\":\"ListItem\",\"position\":3,\"name\":\"Wermlands Maskinm\u00e4ssa 2024 - Augusti 16-17\"}]},{\"@type\":\"WebSite\",\"@id\":\"https:\\\/\\\/fredheim-maskin.no\\\/#website\",\"url\":\"https:\\\/\\\/fredheim-maskin.no\\\/\",\"name\":\"Fredheim Maskin\",\"description\":\"\",\"potentialAction\":[{\"@type\":\"SearchAction\",\"target\":{\"@type\":\"EntryPoint\",\"urlTemplate\":\"https:\\\/\\\/fredheim-maskin.no\\\/?s={search_term_string}\"},\"query-input\":{\"@type\":\"PropertyValueSpecification\",\"valueRequired\":true,\"valueName\":\"search_term_string\"}}],\"inLanguage\":\"sv-SE\"}]}<\/script>\n<!-- \/ Yoast SEO plugin. -->","yoast_head_json":{"title":"Wermlands Maskinm\u00e4ssa 2024 - Augusti 16-17 - Fredheim Maskin","robots":{"index":"index","follow":"follow","max-snippet":"max-snippet:-1","max-image-preview":"max-image-preview:large","max-video-preview":"max-video-preview:-1"},"canonical":"https:\/\/fredheim-maskin.no\/sv\/event\/wermlands-maskinmassa-2024-augusti-16-17\/","og_locale":"sv_SE","og_type":"article","og_title":"Wermlands Maskinm\u00e4ssa 2024 - Augusti 16-17 - Fredheim Maskin","og_description":"H\u00e4r f\u00e5r du en f\u00f6rtitt p\u00e5 de senaste innovationerna inom tunga maskiner, stenkrossar och transport\u00f6rer. M\u00e4ssan erbjuder en unik m\u00f6jlighet se maskiner i action med fokus p\u00e5 elektrifiering av entreprenadbranschen. [&hellip;]","og_url":"https:\/\/fredheim-maskin.no\/sv\/event\/wermlands-maskinmassa-2024-augusti-16-17\/","og_site_name":"Fredheim Maskin","article_modified_time":"2024-07-11T11:09:19+00:00","og_image":[{"width":1280,"height":670,"url":"https:\/\/fredheim-maskin.no\/wp-content\/uploads\/2024\/07\/logo.jpg","type":"image\/jpeg"}],"twitter_card":"summary_large_image","twitter_misc":{"Ber\u00e4knad l\u00e4stid":"1 minut"},"schema":{"@context":"https:\/\/schema.org","@graph":[{"@type":"WebPage","@id":"https:\/\/fredheim-maskin.no\/event\/wermlands-maskinmassa-2024-augusti-16-17\/","url":"https:\/\/fredheim-maskin.no\/event\/wermlands-maskinmassa-2024-augusti-16-17\/","name":"Wermlands Maskinm\u00e4ssa 2024 - Augusti 16-17 - Fredheim Maskin","isPartOf":{"@id":"https:\/\/fredheim-maskin.no\/#website"},"primaryImageOfPage":{"@id":"https:\/\/fredheim-maskin.no\/event\/wermlands-maskinmassa-2024-augusti-16-17\/#primaryimage"},"image":{"@id":"https:\/\/fredheim-maskin.no\/event\/wermlands-maskinmassa-2024-augusti-16-17\/#primaryimage"},"thumbnailUrl":"https:\/\/fredheim-maskin.no\/wp-content\/uploads\/2024\/07\/logo.jpg","datePublished":"2024-07-11T11:07:41+00:00","dateModified":"2024-07-11T11:09:19+00:00","breadcrumb":{"@id":"https:\/\/fredheim-maskin.no\/event\/wermlands-maskinmassa-2024-augusti-16-17\/#breadcrumb"},"inLanguage":"sv-SE","potentialAction":[{"@type":"ReadAction","target":["https:\/\/fredheim-maskin.no\/event\/wermlands-maskinmassa-2024-augusti-16-17\/"]}]},{"@type":"ImageObject","inLanguage":"sv-SE","@id":"https:\/\/fredheim-maskin.no\/event\/wermlands-maskinmassa-2024-augusti-16-17\/#primaryimage","url":"https:\/\/fredheim-maskin.no\/wp-content\/uploads\/2024\/07\/logo.jpg","contentUrl":"https:\/\/fredheim-maskin.no\/wp-content\/uploads\/2024\/07\/logo.jpg","width":1280,"height":670,"caption":"Wermlands Maskinm\u00e4ssa"},{"@type":"BreadcrumbList","@id":"https:\/\/fredheim-maskin.no\/event\/wermlands-maskinmassa-2024-augusti-16-17\/#breadcrumb","itemListElement":[{"@type":"ListItem","position":1,"name":"Hjem","item":"https:\/\/fredheim-maskin.no\/"},{"@type":"ListItem","position":2,"name":"Arrangementer","item":"https:\/\/fredheim-maskin.no\/events\/"},{"@type":"ListItem","position":3,"name":"Wermlands Maskinm\u00e4ssa 2024 - Augusti 16-17"}]},{"@type":"WebSite","@id":"https:\/\/fredheim-maskin.no\/#website","url":"https:\/\/fredheim-maskin.no\/","name":"Fredheim Maskin","description":"","potentialAction":[{"@type":"SearchAction","target":{"@type":"EntryPoint","urlTemplate":"https:\/\/fredheim-maskin.no\/?s={search_term_string}"},"query-input":{"@type":"PropertyValueSpecification","valueRequired":true,"valueName":"search_term_string"}}],"inLanguage":"sv-SE"}]}},"_links":{"self":[{"href":"https:\/\/fredheim-maskin.no\/sv\/wp-json\/wp\/v2\/tribe_events\/16468","targetHints":{"allow":["GET"]}}],"collection":[{"href":"https:\/\/fredheim-maskin.no\/sv\/wp-json\/wp\/v2\/tribe_events"}],"about":[{"href":"https:\/\/fredheim-maskin.no\/sv\/wp-json\/wp\/v2\/types\/tribe_events"}],"author":[{"embeddable":true,"href":"https:\/\/fredheim-maskin.no\/sv\/wp-json\/wp\/v2\/users\/1"}],"version-history":[{"count":3,"href":"https:\/\/fredheim-maskin.no\/sv\/wp-json\/wp\/v2\/tribe_events\/16468\/revisions"}],"predecessor-version":[{"id":16473,"href":"https:\/\/fredheim-maskin.no\/sv\/wp-json\/wp\/v2\/tribe_events\/16468\/revisions\/16473"}],"wp:featuredmedia":[{"embeddable":true,"href":"https:\/\/fredheim-maskin.no\/sv\/wp-json\/wp\/v2\/media\/16433"}],"wp:attachment":[{"href":"https:\/\/fredheim-maskin.no\/sv\/wp-json\/wp\/v2\/media?parent=16468"}],"wp:term":[{"taxonomy":"post_tag","embeddable":true,"href":"https:\/\/fredheim-maskin.no\/sv\/wp-json\/wp\/v2\/tags?post=16468"},{"taxonomy":"tribe_events_cat","embeddable":true,"href":"https:\/\/fredheim-maskin.no\/sv\/wp-json\/wp\/v2\/tribe_events_cat?post=16468"}],"curies":[{"name":"wp","href":"https:\/\/api.w.org\/{rel}","templated":true}]}}

Wermlands Maskinmässa 2024 &#8211; Augusti 16-17

<p>Här får du en förtitt på de senaste innovationerna inom tunga maskiner, stenkrossar och transportörer.</p>
<p>Mässan erbjuder en unik möjlighet se maskiner i action med fokus på elektrifiering av entreprenadbranschen. Nätverka med experter och gör denna dag minnesvärd och inspirerande!</p>
<p>FREDAG KL 10-17 &amp; LÖRDAG KL 10-15</p>

<p>Här får du en förtitt på de senaste innovationerna inom tunga maskiner, stenkrossar och transportörer. Mässan erbjuder en unik möjlighet se maskiner i action med fokus på elektrifiering av entreprenadbranschen. [&hellip;]</p>

<!-- This site is optimized with the Yoast SEO plugin v27.4 - https://yoast.com/product/yoast-seo-wordpress/ -->
<title>Wermlands Maskinmässa 2024 - Augusti 16-17 - Fredheim Maskin</title>
<meta name="robots" content="index, follow, max-snippet:-1, max-image-preview:large, max-video-preview:-1" />
<link rel="canonical" href="https://fredheim-maskin.no/sv/event/wermlands-maskinmassa-2024-augusti-16-17/" />
<meta property="og:locale" content="sv_SE" />
<meta property="og:type" content="article" />
<meta property="og:title" content="Wermlands Maskinmässa 2024 - Augusti 16-17 - Fredheim Maskin" />
<meta property="og:description" content="Här får du en förtitt på de senaste innovationerna inom tunga maskiner, stenkrossar och transportörer. Mässan erbjuder en unik möjlighet se maskiner i action med fokus på elektrifiering av entreprenadbranschen. [&hellip;]" />
<meta property="og:url" content="https://fredheim-maskin.no/sv/event/wermlands-maskinmassa-2024-augusti-16-17/" />
<meta property="og:site_name" content="Fredheim Maskin" />
<meta property="article:modified_time" content="2024-07-11T11:09:19+00:00" />
<meta property="og:image" content="https://fredheim-maskin.no/wp-content/uploads/2024/07/logo.jpg" />
	<meta property="og:image:width" content="1280" />
	<meta property="og:image:height" content="670" />
	<meta property="og:image:type" content="image/jpeg" />
<meta name="twitter:card" content="summary_large_image" />
<meta name="twitter:label1" content="Beräknad lästid" />
	<meta name="twitter:data1" content="1 minut" />
<script type="application/ld+json" class="yoast-schema-graph">{"@context":"https:\/\/schema.org","@graph":[{"@type":"WebPage","@id":"https:\/\/fredheim-maskin.no\/event\/wermlands-maskinmassa-2024-augusti-16-17\/","url":"https:\/\/fredheim-maskin.no\/event\/wermlands-maskinmassa-2024-augusti-16-17\/","name":"Wermlands Maskinmässa 2024 - Augusti 16-17 - Fredheim Maskin","isPartOf":{"@id":"https:\/\/fredheim-maskin.no\/#website"},"primaryImageOfPage":{"@id":"https:\/\/fredheim-maskin.no\/event\/wermlands-maskinmassa-2024-augusti-16-17\/#primaryimage"},"image":{"@id":"https:\/\/fredheim-maskin.no\/event\/wermlands-maskinmassa-2024-augusti-16-17\/#primaryimage"},"thumbnailUrl":"https:\/\/fredheim-maskin.no\/wp-content\/uploads\/2024\/07\/logo.jpg","datePublished":"2024-07-11T11:07:41+00:00","dateModified":"2024-07-11T11:09:19+00:00","breadcrumb":{"@id":"https:\/\/fredheim-maskin.no\/event\/wermlands-maskinmassa-2024-augusti-16-17\/#breadcrumb"},"inLanguage":"sv-SE","potentialAction":[{"@type":"ReadAction","target":["https:\/\/fredheim-maskin.no\/event\/wermlands-maskinmassa-2024-augusti-16-17\/"]}]},{"@type":"ImageObject","inLanguage":"sv-SE","@id":"https:\/\/fredheim-maskin.no\/event\/wermlands-maskinmassa-2024-augusti-16-17\/#primaryimage","url":"https:\/\/fredheim-maskin.no\/wp-content\/uploads\/2024\/07\/logo.jpg","contentUrl":"https:\/\/fredheim-maskin.no\/wp-content\/uploads\/2024\/07\/logo.jpg","width":1280,"height":670,"caption":"Wermlands Maskinmässa"},{"@type":"BreadcrumbList","@id":"https:\/\/fredheim-maskin.no\/event\/wermlands-maskinmassa-2024-augusti-16-17\/#breadcrumb","itemListElement":[{"@type":"ListItem","position":1,"name":"Hjem","item":"https:\/\/fredheim-maskin.no\/"},{"@type":"ListItem","position":2,"name":"Arrangementer","item":"https:\/\/fredheim-maskin.no\/events\/"},{"@type":"ListItem","position":3,"name":"Wermlands Maskinmässa 2024 - Augusti 16-17"}]},{"@type":"WebSite","@id":"https:\/\/fredheim-maskin.no\/#website","url":"https:\/\/fredheim-maskin.no\/","name":"Fredheim Maskin","description":"","potentialAction":[{"@type":"SearchAction","target":{"@type":"EntryPoint","urlTemplate":"https:\/\/fredheim-maskin.no\/?s={search_term_string}"},"query-input":{"@type":"PropertyValueSpecification","valueRequired":true,"valueName":"search_term_string"}}],"inLanguage":"sv-SE"}]}</script>
<!-- / Yoast SEO plugin. -->

Wermlands Maskinmässa 2024 - Augusti 16-17 - Fredheim Maskin

Här får du en förtitt på de senaste innovationerna inom tunga maskiner, stenkrossar och transportörer. Mässan erbjuder en unik möjlighet se maskiner i action med fokus på elektrifiering av entreprenadbranschen. [&hellip;]

Wermlands Maskinmässa

Wermlands Maskinmässa 2024 - Augusti 16-17
