{"id":16718,"date":"2025-03-14T22:18:01","date_gmt":"2025-03-14T21:18:01","guid":{"rendered":"https:\/\/fredheim-maskin.no\/?post_type=tribe_events&#038;p=16718"},"modified":"2025-03-14T22:18:01","modified_gmt":"2025-03-14T21:18:01","slug":"entreprenad-live-11-13-sept-goteborg-landvetter","status":"publish","type":"tribe_events","link":"https:\/\/fredheim-maskin.no\/sv\/event\/entreprenad-live-11-13-sept-goteborg-landvetter\/","title":{"rendered":"Entreprenad Live, 11-13 Sept G\u00f6teborg Landvetter"},"content":{"rendered":"<p>V\u00e4lkommen, tr\u00e4ffa oss i monter 475!<\/p>","protected":false},"excerpt":{"rendered":"<p>V\u00e4lkommen, tr\u00e4ffa oss i monter 475!<\/p>","protected":false},"author":6,"featured_media":0,"template":"","meta":{"_editorskit_title_hidden":false,"_editorskit_reading_time":0,"_editorskit_is_block_options_detached":false,"_editorskit_block_options_position":"{}","inline_featured_image":false,"editor_plus_copied_stylings":"{}","_tribe_events_status":"","_tribe_events_status_reason":"","_tribe_events_is_hybrid":"","_tribe_events_is_virtual":"","_tribe_events_virtual_video_source":"","_tribe_events_virtual_embed_video":"","_tribe_events_virtual_linked_button_text":"","_tribe_events_virtual_linked_button":"","_tribe_events_virtual_show_embed_at":"","_tribe_events_virtual_show_embed_to":[],"_tribe_events_virtual_show_on_event":"","_tribe_events_virtual_show_on_views":"","_tribe_events_virtual_url":"","footnotes":""},"tags":[],"tribe_events_cat":[],"class_list":["post-16718","tribe_events","type-tribe_events","status-publish","hentry"],"yoast_head":"<!-- This site is optimized with the Yoast SEO plugin v27.4 - https:\/\/yoast.com\/product\/yoast-seo-wordpress\/ -->\n<title>Entreprenad Live, 11-13 Sept G\u00f6teborg Landvetter - Fredheim Maskin<\/title>\n<meta name=\"robots\" content=\"index, follow, max-snippet:-1, max-image-preview:large, max-video-preview:-1\" \/>\n<link rel=\"canonical\" href=\"https:\/\/fredheim-maskin.no\/sv\/event\/entreprenad-live-11-13-sept-goteborg-landvetter\/\" \/>\n<meta property=\"og:locale\" content=\"sv_SE\" \/>\n<meta property=\"og:type\" content=\"article\" \/>\n<meta property=\"og:title\" content=\"Entreprenad Live, 11-13 Sept G\u00f6teborg Landvetter - Fredheim Maskin\" \/>\n<meta property=\"og:description\" content=\"V\u00e4lkommen, tr\u00e4ffa oss i monter 475!\" \/>\n<meta property=\"og:url\" content=\"https:\/\/fredheim-maskin.no\/sv\/event\/entreprenad-live-11-13-sept-goteborg-landvetter\/\" \/>\n<meta property=\"og:site_name\" content=\"Fredheim Maskin\" \/>\n<meta name=\"twitter:card\" content=\"summary_large_image\" \/>\n<meta name=\"twitter:label1\" content=\"Ber\u00e4knad l\u00e4stid\" \/>\n\t<meta name=\"twitter:data1\" content=\"1 minut\" \/>\n<script type=\"application\/ld+json\" class=\"yoast-schema-graph\">{\"@context\":\"https:\\\/\\\/schema.org\",\"@graph\":[{\"@type\":\"WebPage\",\"@id\":\"https:\\\/\\\/fredheim-maskin.no\\\/event\\\/entreprenad-live-11-13-sept-goteborg-landvetter\\\/\",\"url\":\"https:\\\/\\\/fredheim-maskin.no\\\/event\\\/entreprenad-live-11-13-sept-goteborg-landvetter\\\/\",\"name\":\"Entreprenad Live, 11-13 Sept G\u00f6teborg Landvetter - Fredheim Maskin\",\"isPartOf\":{\"@id\":\"https:\\\/\\\/fredheim-maskin.no\\\/#website\"},\"datePublished\":\"2025-03-14T21:18:01+00:00\",\"breadcrumb\":{\"@id\":\"https:\\\/\\\/fredheim-maskin.no\\\/event\\\/entreprenad-live-11-13-sept-goteborg-landvetter\\\/#breadcrumb\"},\"inLanguage\":\"sv-SE\",\"potentialAction\":[{\"@type\":\"ReadAction\",\"target\":[\"https:\\\/\\\/fredheim-maskin.no\\\/event\\\/entreprenad-live-11-13-sept-goteborg-landvetter\\\/\"]}]},{\"@type\":\"BreadcrumbList\",\"@id\":\"https:\\\/\\\/fredheim-maskin.no\\\/event\\\/entreprenad-live-11-13-sept-goteborg-landvetter\\\/#breadcrumb\",\"itemListElement\":[{\"@type\":\"ListItem\",\"position\":1,\"name\":\"Hjem\",\"item\":\"https:\\\/\\\/fredheim-maskin.no\\\/\"},{\"@type\":\"ListItem\",\"position\":2,\"name\":\"Arrangementer\",\"item\":\"https:\\\/\\\/fredheim-maskin.no\\\/events\\\/\"},{\"@type\":\"ListItem\",\"position\":3,\"name\":\"Entreprenad Live, 11-13 Sept G\u00f6teborg Landvetter\"}]},{\"@type\":\"WebSite\",\"@id\":\"https:\\\/\\\/fredheim-maskin.no\\\/#website\",\"url\":\"https:\\\/\\\/fredheim-maskin.no\\\/\",\"name\":\"Fredheim Maskin\",\"description\":\"\",\"potentialAction\":[{\"@type\":\"SearchAction\",\"target\":{\"@type\":\"EntryPoint\",\"urlTemplate\":\"https:\\\/\\\/fredheim-maskin.no\\\/?s={search_term_string}\"},\"query-input\":{\"@type\":\"PropertyValueSpecification\",\"valueRequired\":true,\"valueName\":\"search_term_string\"}}],\"inLanguage\":\"sv-SE\"}]}<\/script>\n<!-- \/ Yoast SEO plugin. -->","yoast_head_json":{"title":"Entreprenad Live, 11-13 Sept G\u00f6teborg Landvetter - Fredheim Maskin","robots":{"index":"index","follow":"follow","max-snippet":"max-snippet:-1","max-image-preview":"max-image-preview:large","max-video-preview":"max-video-preview:-1"},"canonical":"https:\/\/fredheim-maskin.no\/sv\/event\/entreprenad-live-11-13-sept-goteborg-landvetter\/","og_locale":"sv_SE","og_type":"article","og_title":"Entreprenad Live, 11-13 Sept G\u00f6teborg Landvetter - Fredheim Maskin","og_description":"V\u00e4lkommen, tr\u00e4ffa oss i monter 475!","og_url":"https:\/\/fredheim-maskin.no\/sv\/event\/entreprenad-live-11-13-sept-goteborg-landvetter\/","og_site_name":"Fredheim Maskin","twitter_card":"summary_large_image","twitter_misc":{"Ber\u00e4knad l\u00e4stid":"1 minut"},"schema":{"@context":"https:\/\/schema.org","@graph":[{"@type":"WebPage","@id":"https:\/\/fredheim-maskin.no\/event\/entreprenad-live-11-13-sept-goteborg-landvetter\/","url":"https:\/\/fredheim-maskin.no\/event\/entreprenad-live-11-13-sept-goteborg-landvetter\/","name":"Entreprenad Live, 11-13 Sept G\u00f6teborg Landvetter - Fredheim Maskin","isPartOf":{"@id":"https:\/\/fredheim-maskin.no\/#website"},"datePublished":"2025-03-14T21:18:01+00:00","breadcrumb":{"@id":"https:\/\/fredheim-maskin.no\/event\/entreprenad-live-11-13-sept-goteborg-landvetter\/#breadcrumb"},"inLanguage":"sv-SE","potentialAction":[{"@type":"ReadAction","target":["https:\/\/fredheim-maskin.no\/event\/entreprenad-live-11-13-sept-goteborg-landvetter\/"]}]},{"@type":"BreadcrumbList","@id":"https:\/\/fredheim-maskin.no\/event\/entreprenad-live-11-13-sept-goteborg-landvetter\/#breadcrumb","itemListElement":[{"@type":"ListItem","position":1,"name":"Hjem","item":"https:\/\/fredheim-maskin.no\/"},{"@type":"ListItem","position":2,"name":"Arrangementer","item":"https:\/\/fredheim-maskin.no\/events\/"},{"@type":"ListItem","position":3,"name":"Entreprenad Live, 11-13 Sept G\u00f6teborg Landvetter"}]},{"@type":"WebSite","@id":"https:\/\/fredheim-maskin.no\/#website","url":"https:\/\/fredheim-maskin.no\/","name":"Fredheim Maskin","description":"","potentialAction":[{"@type":"SearchAction","target":{"@type":"EntryPoint","urlTemplate":"https:\/\/fredheim-maskin.no\/?s={search_term_string}"},"query-input":{"@type":"PropertyValueSpecification","valueRequired":true,"valueName":"search_term_string"}}],"inLanguage":"sv-SE"}]}},"_links":{"self":[{"href":"https:\/\/fredheim-maskin.no\/sv\/wp-json\/wp\/v2\/tribe_events\/16718","targetHints":{"allow":["GET"]}}],"collection":[{"href":"https:\/\/fredheim-maskin.no\/sv\/wp-json\/wp\/v2\/tribe_events"}],"about":[{"href":"https:\/\/fredheim-maskin.no\/sv\/wp-json\/wp\/v2\/types\/tribe_events"}],"author":[{"embeddable":true,"href":"https:\/\/fredheim-maskin.no\/sv\/wp-json\/wp\/v2\/users\/6"}],"version-history":[{"count":1,"href":"https:\/\/fredheim-maskin.no\/sv\/wp-json\/wp\/v2\/tribe_events\/16718\/revisions"}],"predecessor-version":[{"id":16719,"href":"https:\/\/fredheim-maskin.no\/sv\/wp-json\/wp\/v2\/tribe_events\/16718\/revisions\/16719"}],"wp:attachment":[{"href":"https:\/\/fredheim-maskin.no\/sv\/wp-json\/wp\/v2\/media?parent=16718"}],"wp:term":[{"taxonomy":"post_tag","embeddable":true,"href":"https:\/\/fredheim-maskin.no\/sv\/wp-json\/wp\/v2\/tags?post=16718"},{"taxonomy":"tribe_events_cat","embeddable":true,"href":"https:\/\/fredheim-maskin.no\/sv\/wp-json\/wp\/v2\/tribe_events_cat?post=16718"}],"curies":[{"name":"wp","href":"https:\/\/api.w.org\/{rel}","templated":true}]}}

Entreprenad Live, 11-13 Sept Göteborg Landvetter

<p>Välkommen, träffa oss i monter 475!</p>

<!-- This site is optimized with the Yoast SEO plugin v27.4 - https://yoast.com/product/yoast-seo-wordpress/ -->
<title>Entreprenad Live, 11-13 Sept Göteborg Landvetter - Fredheim Maskin</title>
<meta name="robots" content="index, follow, max-snippet:-1, max-image-preview:large, max-video-preview:-1" />
<link rel="canonical" href="https://fredheim-maskin.no/sv/event/entreprenad-live-11-13-sept-goteborg-landvetter/" />
<meta property="og:locale" content="sv_SE" />
<meta property="og:type" content="article" />
<meta property="og:title" content="Entreprenad Live, 11-13 Sept Göteborg Landvetter - Fredheim Maskin" />
<meta property="og:description" content="Välkommen, träffa oss i monter 475!" />
<meta property="og:url" content="https://fredheim-maskin.no/sv/event/entreprenad-live-11-13-sept-goteborg-landvetter/" />
<meta property="og:site_name" content="Fredheim Maskin" />
<meta name="twitter:card" content="summary_large_image" />
<meta name="twitter:label1" content="Beräknad lästid" />
	<meta name="twitter:data1" content="1 minut" />
<script type="application/ld+json" class="yoast-schema-graph">{"@context":"https:\/\/schema.org","@graph":[{"@type":"WebPage","@id":"https:\/\/fredheim-maskin.no\/event\/entreprenad-live-11-13-sept-goteborg-landvetter\/","url":"https:\/\/fredheim-maskin.no\/event\/entreprenad-live-11-13-sept-goteborg-landvetter\/","name":"Entreprenad Live, 11-13 Sept Göteborg Landvetter - Fredheim Maskin","isPartOf":{"@id":"https:\/\/fredheim-maskin.no\/#website"},"datePublished":"2025-03-14T21:18:01+00:00","breadcrumb":{"@id":"https:\/\/fredheim-maskin.no\/event\/entreprenad-live-11-13-sept-goteborg-landvetter\/#breadcrumb"},"inLanguage":"sv-SE","potentialAction":[{"@type":"ReadAction","target":["https:\/\/fredheim-maskin.no\/event\/entreprenad-live-11-13-sept-goteborg-landvetter\/"]}]},{"@type":"BreadcrumbList","@id":"https:\/\/fredheim-maskin.no\/event\/entreprenad-live-11-13-sept-goteborg-landvetter\/#breadcrumb","itemListElement":[{"@type":"ListItem","position":1,"name":"Hjem","item":"https:\/\/fredheim-maskin.no\/"},{"@type":"ListItem","position":2,"name":"Arrangementer","item":"https:\/\/fredheim-maskin.no\/events\/"},{"@type":"ListItem","position":3,"name":"Entreprenad Live, 11-13 Sept Göteborg Landvetter"}]},{"@type":"WebSite","@id":"https:\/\/fredheim-maskin.no\/#website","url":"https:\/\/fredheim-maskin.no\/","name":"Fredheim Maskin","description":"","potentialAction":[{"@type":"SearchAction","target":{"@type":"EntryPoint","urlTemplate":"https:\/\/fredheim-maskin.no\/?s={search_term_string}"},"query-input":{"@type":"PropertyValueSpecification","valueRequired":true,"valueName":"search_term_string"}}],"inLanguage":"sv-SE"}]}</script>
<!-- / Yoast SEO plugin. -->

Entreprenad Live, 11-13 Sept Göteborg Landvetter - Fredheim Maskin

Välkommen, träffa oss i monter 475!
