{"id":17771,"date":"2026-09-01T23:25:32","date_gmt":"2026-09-01T21:25:32","guid":{"rendered":"https:\/\/fredheim-maskin.no\/?post_type=tribe_events&#038;p=17771"},"modified":"2026-09-01T23:27:57","modified_gmt":"2026-09-01T21:27:57","slug":"fabrikktur-nord-irland","status":"publish","type":"tribe_events","link":"https:\/\/fredheim-maskin.no\/sv\/event\/fabrikktur-nord-irland\/","title":{"rendered":"Fabrikktur Nord-Irland"},"content":{"rendered":"<p>Har du lyst til \u00e5 bli med bak kulissene hos noen av v\u00e5re viktigste leverand\u00f8rer?<\/p>\n<ol start=\"19\">\n<li>\u2013 21. oktober inviterer vi til en eksklusiv kundetur til Nord-Irland, med fabrikkbes\u00f8k hos Telestack, Sandvik og McQuaid. Her f\u00e5r du et unikt innblikk i hvordan maskinene blir til \u2013 fra st\u00e5lemner til ferdige l\u00f8sninger. Samtidig som du m\u00f8ter menneskene bak produktene og f\u00e5r faglig p\u00e5fyll underveis.<\/li>\n<\/ol>\n<p>Felles oppm\u00f8te p\u00e5 Gardermoen kl. 07:00 Mandag 19. oktober. Hvor avreise med fly er kl. 09:05 til Dublin.<\/p>\n<p>Turen byr ogs\u00e5 p\u00e5 hyggelig sosialt samv\u00e6r med bransjekolleger, felles m\u00e5ltider og en kveld i Dublin f\u00f8r hjemreise.<\/p>\n<p><strong>Dette er inkludert:<\/strong><\/p>\n<p>\u2708\ufe0fFly tur\/retur<\/p>\n<p>\ud83c\udfe8Hotell (2 netter)<\/p>\n<p>\ud83d\ude8cAll transport<\/p>\n<p>\ud83c\udfedFabrikkbes\u00f8k<\/p>\n<p>\ud83c\udf7d\ufe0fFelles m\u00e5ltider<\/p>\n<p><strong>Egenandel:<\/strong><\/p>\n<ul data-editing-info=\"{&quot;unorderedStyleType&quot;:2}\">\n<li>Dobbeltrom: kr 5.000 per person<\/li>\n<li>Enkeltrom: kr 6.000 per person<\/li>\n<\/ul>\n<p>Fredheim sponser resten av reisens kostnader.<\/p>\n<p>Etter fabrikkturen fortsetter arrangementet med v\u00e5re Oktoberdager i Spydeberg torsdag 22. og fredag 23. oktober.<\/p>\n<p><strong>P\u00e5meldingsfristen er satt til 10. september<\/strong><\/p>\n<p>P\u00e5meldingen er bindene, og alle reisende m\u00e5 ha gyldig ETA (Electronic Travel Authorization) og pass for innreise til Nord-Irland.<\/p>\n<p><strong>Meld deg p\u00e5 n\u00e5:<\/strong><\/p>\n<p>\ud83d\udce7<a href=\"mailto:kontor@fredheim-maskin.no\" data-linkindex=\"0\">kontor@fredheim-maskin.no<\/a><\/p>\n<p>\ud83d\udcde69 80 88 30<\/p>\n<p>Ta kontakt for mer informasjon om turen og komplett program.<\/p>","protected":false},"excerpt":{"rendered":"<p>Har du lyst til \u00e5 bli med bak kulissene hos noen av v\u00e5re viktigste leverand\u00f8rer? \u2013 21. oktober inviterer vi til en eksklusiv kundetur til Nord-Irland, med fabrikkbes\u00f8k hos Telestack, [&hellip;]<\/p>\n","protected":false},"author":6,"featured_media":0,"template":"","meta":{"_editorskit_title_hidden":false,"_editorskit_reading_time":0,"_editorskit_is_block_options_detached":false,"_editorskit_block_options_position":"{}","inline_featured_image":false,"editor_plus_copied_stylings":"{}","_tribe_events_status":"","_tribe_events_status_reason":"","_tribe_events_is_hybrid":"","_tribe_events_is_virtual":"","_tribe_events_virtual_video_source":"","_tribe_events_virtual_embed_video":"","_tribe_events_virtual_linked_button_text":"","_tribe_events_virtual_linked_button":"","_tribe_events_virtual_show_embed_at":"","_tribe_events_virtual_show_embed_to":[],"_tribe_events_virtual_show_on_event":"","_tribe_events_virtual_show_on_views":"","_tribe_events_virtual_url":"","footnotes":""},"tags":[],"tribe_events_cat":[],"class_list":["post-17771","tribe_events","type-tribe_events","status-publish","hentry"],"yoast_head":"<!-- This site is optimized with the Yoast SEO plugin v28.3 - https:\/\/yoast.com\/product\/yoast-seo-wordpress\/ -->\n<title>Fabrikktur Nord-Irland - Fredheim Maskin<\/title>\n<meta name=\"robots\" content=\"index, follow, max-snippet:-1, max-image-preview:large, max-video-preview:-1\" \/>\n<link rel=\"canonical\" href=\"https:\/\/fredheim-maskin.no\/sv\/event\/fabrikktur-nord-irland\/\" \/>\n<meta property=\"og:locale\" content=\"sv_SE\" \/>\n<meta property=\"og:type\" content=\"article\" \/>\n<meta property=\"og:title\" content=\"Fabrikktur Nord-Irland - Fredheim Maskin\" \/>\n<meta property=\"og:description\" content=\"Har du lyst til \u00e5 bli med bak kulissene hos noen av v\u00e5re viktigste leverand\u00f8rer? \u2013 21. oktober inviterer vi til en eksklusiv kundetur til Nord-Irland, med fabrikkbes\u00f8k hos Telestack, [&hellip;]\" \/>\n<meta property=\"og:url\" content=\"https:\/\/fredheim-maskin.no\/sv\/event\/fabrikktur-nord-irland\/\" \/>\n<meta property=\"og:site_name\" content=\"Fredheim Maskin\" \/>\n<meta property=\"article:modified_time\" content=\"2026-09-01T21:27:57+00:00\" \/>\n<meta name=\"twitter:card\" content=\"summary_large_image\" \/>\n<meta name=\"twitter:label1\" content=\"Ber\u00e4knad l\u00e4stid\" \/>\n\t<meta name=\"twitter:data1\" content=\"2 minuter\" \/>\n<script type=\"application\/ld+json\" class=\"yoast-schema-graph\">{\"@context\":\"https:\\\/\\\/schema.org\",\"@graph\":[{\"@type\":\"WebPage\",\"@id\":\"https:\\\/\\\/fredheim-maskin.no\\\/event\\\/fabrikktur-nord-irland\\\/\",\"url\":\"https:\\\/\\\/fredheim-maskin.no\\\/event\\\/fabrikktur-nord-irland\\\/\",\"name\":\"Fabrikktur Nord-Irland - Fredheim Maskin\",\"isPartOf\":{\"@id\":\"https:\\\/\\\/fredheim-maskin.no\\\/#website\"},\"datePublished\":\"2026-09-01T21:25:32+00:00\",\"dateModified\":\"2026-09-01T21:27:57+00:00\",\"breadcrumb\":{\"@id\":\"https:\\\/\\\/fredheim-maskin.no\\\/event\\\/fabrikktur-nord-irland\\\/#breadcrumb\"},\"inLanguage\":\"sv-SE\",\"potentialAction\":[{\"@type\":\"ReadAction\",\"target\":[\"https:\\\/\\\/fredheim-maskin.no\\\/event\\\/fabrikktur-nord-irland\\\/\"]}]},{\"@type\":\"BreadcrumbList\",\"@id\":\"https:\\\/\\\/fredheim-maskin.no\\\/event\\\/fabrikktur-nord-irland\\\/#breadcrumb\",\"itemListElement\":[{\"@type\":\"ListItem\",\"position\":1,\"name\":\"Hjem\",\"item\":\"https:\\\/\\\/fredheim-maskin.no\\\/\"},{\"@type\":\"ListItem\",\"position\":2,\"name\":\"Arrangementer\",\"item\":\"https:\\\/\\\/fredheim-maskin.no\\\/events\\\/\"},{\"@type\":\"ListItem\",\"position\":3,\"name\":\"Fabrikktur Nord-Irland\"}]},{\"@type\":\"WebSite\",\"@id\":\"https:\\\/\\\/fredheim-maskin.no\\\/#website\",\"url\":\"https:\\\/\\\/fredheim-maskin.no\\\/\",\"name\":\"Fredheim Maskin\",\"description\":\"\",\"potentialAction\":[{\"@type\":\"SearchAction\",\"target\":{\"@type\":\"EntryPoint\",\"urlTemplate\":\"https:\\\/\\\/fredheim-maskin.no\\\/?s={search_term_string}\"},\"query-input\":{\"@type\":\"PropertyValueSpecification\",\"valueRequired\":true,\"valueName\":\"search_term_string\"}}],\"inLanguage\":\"sv-SE\"}]}<\/script>\n<!-- \/ Yoast SEO plugin. -->","yoast_head_json":{"title":"Fabrikktur Nord-Irland - Fredheim Maskin","robots":{"index":"index","follow":"follow","max-snippet":"max-snippet:-1","max-image-preview":"max-image-preview:large","max-video-preview":"max-video-preview:-1"},"canonical":"https:\/\/fredheim-maskin.no\/sv\/event\/fabrikktur-nord-irland\/","og_locale":"sv_SE","og_type":"article","og_title":"Fabrikktur Nord-Irland - Fredheim Maskin","og_description":"Har du lyst til \u00e5 bli med bak kulissene hos noen av v\u00e5re viktigste leverand\u00f8rer? \u2013 21. oktober inviterer vi til en eksklusiv kundetur til Nord-Irland, med fabrikkbes\u00f8k hos Telestack, [&hellip;]","og_url":"https:\/\/fredheim-maskin.no\/sv\/event\/fabrikktur-nord-irland\/","og_site_name":"Fredheim Maskin","article_modified_time":"2026-09-01T21:27:57+00:00","twitter_card":"summary_large_image","twitter_misc":{"Ber\u00e4knad l\u00e4stid":"2 minuter"},"schema":{"@context":"https:\/\/schema.org","@graph":[{"@type":"WebPage","@id":"https:\/\/fredheim-maskin.no\/event\/fabrikktur-nord-irland\/","url":"https:\/\/fredheim-maskin.no\/event\/fabrikktur-nord-irland\/","name":"Fabrikktur Nord-Irland - Fredheim Maskin","isPartOf":{"@id":"https:\/\/fredheim-maskin.no\/#website"},"datePublished":"2026-09-01T21:25:32+00:00","dateModified":"2026-09-01T21:27:57+00:00","breadcrumb":{"@id":"https:\/\/fredheim-maskin.no\/event\/fabrikktur-nord-irland\/#breadcrumb"},"inLanguage":"sv-SE","potentialAction":[{"@type":"ReadAction","target":["https:\/\/fredheim-maskin.no\/event\/fabrikktur-nord-irland\/"]}]},{"@type":"BreadcrumbList","@id":"https:\/\/fredheim-maskin.no\/event\/fabrikktur-nord-irland\/#breadcrumb","itemListElement":[{"@type":"ListItem","position":1,"name":"Hjem","item":"https:\/\/fredheim-maskin.no\/"},{"@type":"ListItem","position":2,"name":"Arrangementer","item":"https:\/\/fredheim-maskin.no\/events\/"},{"@type":"ListItem","position":3,"name":"Fabrikktur Nord-Irland"}]},{"@type":"WebSite","@id":"https:\/\/fredheim-maskin.no\/#website","url":"https:\/\/fredheim-maskin.no\/","name":"Fredheim Maskin","description":"","potentialAction":[{"@type":"SearchAction","target":{"@type":"EntryPoint","urlTemplate":"https:\/\/fredheim-maskin.no\/?s={search_term_string}"},"query-input":{"@type":"PropertyValueSpecification","valueRequired":true,"valueName":"search_term_string"}}],"inLanguage":"sv-SE"}]}},"_links":{"self":[{"href":"https:\/\/fredheim-maskin.no\/sv\/wp-json\/wp\/v2\/tribe_events\/17771","targetHints":{"allow":["GET"]}}],"collection":[{"href":"https:\/\/fredheim-maskin.no\/sv\/wp-json\/wp\/v2\/tribe_events"}],"about":[{"href":"https:\/\/fredheim-maskin.no\/sv\/wp-json\/wp\/v2\/types\/tribe_events"}],"author":[{"embeddable":true,"href":"https:\/\/fredheim-maskin.no\/sv\/wp-json\/wp\/v2\/users\/6"}],"version-history":[{"count":1,"href":"https:\/\/fredheim-maskin.no\/sv\/wp-json\/wp\/v2\/tribe_events\/17771\/revisions"}],"predecessor-version":[{"id":17772,"href":"https:\/\/fredheim-maskin.no\/sv\/wp-json\/wp\/v2\/tribe_events\/17771\/revisions\/17772"}],"wp:attachment":[{"href":"https:\/\/fredheim-maskin.no\/sv\/wp-json\/wp\/v2\/media?parent=17771"}],"wp:term":[{"taxonomy":"post_tag","embeddable":true,"href":"https:\/\/fredheim-maskin.no\/sv\/wp-json\/wp\/v2\/tags?post=17771"},{"taxonomy":"tribe_events_cat","embeddable":true,"href":"https:\/\/fredheim-maskin.no\/sv\/wp-json\/wp\/v2\/tribe_events_cat?post=17771"}],"curies":[{"name":"wp","href":"https:\/\/api.w.org\/{rel}","templated":true}]}}

<p>Har du lyst til å bli med bak kulissene hos noen av våre viktigste leverandører?</p>
<ol start="19">
<li>– 21. oktober inviterer vi til en eksklusiv kundetur til Nord-Irland, med fabrikkbesøk hos Telestack, Sandvik og McQuaid. Her får du et unikt innblikk i hvordan maskinene blir til – fra stålemner til ferdige løsninger. Samtidig som du møter menneskene bak produktene og får faglig påfyll underveis.</li>
</ol>
<p>Felles oppmøte på Gardermoen kl. 07:00 Mandag 19. oktober. Hvor avreise med fly er kl. 09:05 til Dublin.</p>
<p>Turen byr også på hyggelig sosialt samvær med bransjekolleger, felles måltider og en kveld i Dublin før hjemreise.</p>
<p><strong>Dette er inkludert:</strong></p>
<p>✈️Fly tur/retur</p>
<p>🏨Hotell (2 netter)</p>
<p>🚌All transport</p>
<p>🏭Fabrikkbesøk</p>
<p>🍽️Felles måltider</p>
<p><strong>Egenandel:</strong></p>
<ul data-editing-info="{&quot;unorderedStyleType&quot;:2}">
<li>Dobbeltrom: kr 5.000 per person</li>
<li>Enkeltrom: kr 6.000 per person</li>
</ul>
<p>Fredheim sponser resten av reisens kostnader.</p>
<p>Etter fabrikkturen fortsetter arrangementet med våre Oktoberdager i Spydeberg torsdag 22. og fredag 23. oktober.</p>
<p><strong>Påmeldingsfristen er satt til 10. september</strong></p>
<p>Påmeldingen er bindene, og alle reisende må ha gyldig ETA (Electronic Travel Authorization) og pass for innreise til Nord-Irland.</p>
<p><strong>Meld deg på nå:</strong></p>
<p>📧<a href="mailto:kontor@fredheim-maskin.no" data-linkindex="0">kontor@fredheim-maskin.no</a></p>
<p>📞69 80 88 30</p>
<p>Ta kontakt for mer informasjon om turen og komplett program.</p>

<p>Har du lyst til å bli med bak kulissene hos noen av våre viktigste leverandører? – 21. oktober inviterer vi til en eksklusiv kundetur til Nord-Irland, med fabrikkbesøk hos Telestack, [&hellip;]</p>

<!-- This site is optimized with the Yoast SEO plugin v28.3 - https://yoast.com/product/yoast-seo-wordpress/ -->
<title>Fabrikktur Nord-Irland - Fredheim Maskin</title>
<meta name="robots" content="index, follow, max-snippet:-1, max-image-preview:large, max-video-preview:-1" />
<link rel="canonical" href="https://fredheim-maskin.no/sv/event/fabrikktur-nord-irland/" />
<meta property="og:locale" content="sv_SE" />
<meta property="og:type" content="article" />
<meta property="og:title" content="Fabrikktur Nord-Irland - Fredheim Maskin" />
<meta property="og:description" content="Har du lyst til å bli med bak kulissene hos noen av våre viktigste leverandører? – 21. oktober inviterer vi til en eksklusiv kundetur til Nord-Irland, med fabrikkbesøk hos Telestack, [&hellip;]" />
<meta property="og:url" content="https://fredheim-maskin.no/sv/event/fabrikktur-nord-irland/" />
<meta property="og:site_name" content="Fredheim Maskin" />
<meta property="article:modified_time" content="2026-09-01T21:27:57+00:00" />
<meta name="twitter:card" content="summary_large_image" />
<meta name="twitter:label1" content="Beräknad lästid" />
	<meta name="twitter:data1" content="2 minuter" />
<script type="application/ld+json" class="yoast-schema-graph">{"@context":"https:\/\/schema.org","@graph":[{"@type":"WebPage","@id":"https:\/\/fredheim-maskin.no\/event\/fabrikktur-nord-irland\/","url":"https:\/\/fredheim-maskin.no\/event\/fabrikktur-nord-irland\/","name":"Fabrikktur Nord-Irland - Fredheim Maskin","isPartOf":{"@id":"https:\/\/fredheim-maskin.no\/#website"},"datePublished":"2026-09-01T21:25:32+00:00","dateModified":"2026-09-01T21:27:57+00:00","breadcrumb":{"@id":"https:\/\/fredheim-maskin.no\/event\/fabrikktur-nord-irland\/#breadcrumb"},"inLanguage":"sv-SE","potentialAction":[{"@type":"ReadAction","target":["https:\/\/fredheim-maskin.no\/event\/fabrikktur-nord-irland\/"]}]},{"@type":"BreadcrumbList","@id":"https:\/\/fredheim-maskin.no\/event\/fabrikktur-nord-irland\/#breadcrumb","itemListElement":[{"@type":"ListItem","position":1,"name":"Hjem","item":"https:\/\/fredheim-maskin.no\/"},{"@type":"ListItem","position":2,"name":"Arrangementer","item":"https:\/\/fredheim-maskin.no\/events\/"},{"@type":"ListItem","position":3,"name":"Fabrikktur Nord-Irland"}]},{"@type":"WebSite","@id":"https:\/\/fredheim-maskin.no\/#website","url":"https:\/\/fredheim-maskin.no\/","name":"Fredheim Maskin","description":"","potentialAction":[{"@type":"SearchAction","target":{"@type":"EntryPoint","urlTemplate":"https:\/\/fredheim-maskin.no\/?s={search_term_string}"},"query-input":{"@type":"PropertyValueSpecification","valueRequired":true,"valueName":"search_term_string"}}],"inLanguage":"sv-SE"}]}</script>
<!-- / Yoast SEO plugin. -->

Har du lyst til å bli med bak kulissene hos noen av våre viktigste leverandører? – 21. oktober inviterer vi til en eksklusiv kundetur til Nord-Irland, med fabrikkbesøk hos Telestack, [&hellip;]
